-8 + 13 + -9 + (-3 - -4)
-7
Evaluate (-4 + -4 - 6) + 11.
-3
What is the value of -267 + 283 + -13 + 0 + 4?
7
Evaluate 2 + -2 + (-4 + 15 - 10) + -1.
0
What is the value of -60 + 38 + 2 + (-3 - 0) + 2?
-21
29 - 18 - 0 - 21
-10
What is (-4 - (-2 + -4)) + -5?
-3
Calculate -30 + 4 + (6 - -13).
-7
(8 + 0 - (-25 + 34)) + (-3 - 0)
-4
What is (-7 - (6 + -2 - 7)) + (-6 - 3)?
-13
What is -6 + 0 - (12 + -13 + 1 + 3)?
-9
What is the value of (-3 + 7 - (3 + 0)) + -1 + 9?
9
What is the value of -10 + 3 + -4 - 5 - (-2 - 4)?
-10
Evaluate -19 + -1 + 3 + -8 + (14 - 7).
-18
What is 235 + -241 - ((0 - 2) + (8 - 1))?
-11
Calculate -2 - (-45 - -46 - (0 + 12)).
9
17 - 10 - (-3 + -3 + 25)
-12
What is 31 + -39 - (-16 + -3)?
11
Evaluate 33 - (9 + (-3 - -8)).
19
Evaluate 35 + (-139 - -94) - (14 + -1).
-23
Calculate -2 + 17 - (115 - 94).
-6
Calculate 36 + -62 + 1 + 22.
-3
What is the value of -1 - 19 - (-1282 + 1285)?
-23
What is the value of (-23 - (16 - 24)) + 12?
-3
What is the value of 13 + -14 + 4 - 26 - -6?
-17
What is the value of -2 - (7 - (11 + -9) - (-1 - 8))?
-16
What is -3 + ((-3 - -7 - 4) + 8 - -2)?
7
23 - (-14 - -34) - (-2 + 15 + -1)
-9
Calculate -4 + 3 + (0 - -13) - (29 + -25).
8
What is -1 + -5 + (4 - (-3 - 1))?
2
Calculate (7 - (7 - (13 - 8))) + (1 - 21).
-15
Calculate (125 - 91) + -47 + (1 - 1 - -8).
-5
Evaluate 1 - (0 + -2 + -1) - -6.
10
What is the value of 25 - ((-9 - -1) + 18) - 9?
6
(27 - 27) + (-1 - (-2 + -4)) + -4
1
What is the value of 25 - 2 - (-5 - (-12 - (-8 + 5)))?
19
Calculate 18 + (38 - 25 - 10).
21
What is -1 + -3 + -5 + (24 - 4)?
11
Evaluate -11 + 8 - (-23 + 16 + (0 - 1)).
5
10 + (-9 - -9) - 9
1
What is 4 + -20 - -19 - 9?
-6
(-3 - 7) + -3 - -12
-1
What is 15 + -4 + (19 - 15)?
15
What is -29 + 21 + -27 - -26?
-9
Calculate (10 - 3) + 6 - 6 - -5.
12
What is -4 - -1 - (42 - (-9 + 48))?
-6
What is the value of -2 + -47 + (-825 - -862)?
-12
Calculate (-30 - -37) + -14 + 2 + -4 + -5.
-14
(-18 - -9) + (-20 - -8) - (-15 + 10)
-16
What is (-10 + -10 + 11 - -7) + 0 + -3?
-5
-4 + (1 - 1) + (67 - 55) + -16
-8
Calculate (-5 - (-1 + (-5 - (1 - 5)))) + 1.
-2
What is the value of -8 + -2 + 45 - 23?
12
Evaluate 6 + (40 - 16) + -9 + -4 + -1.
16
What is the value of -6 - (0 + -3 - (128 - 131))?
-6
What is -7 - (-7 - -8 - 1)?
-7
What is the value of (-11 - -15) + -1 + -8?
-5
Calculate (127 - 129) + -5 + -1 - 23 - -6.
-25
What is the value of -8 - (-19 + 10) - (0 + 6 + -7)?
2
3 + (10 - 2) + (105 - 86)
30
What is the value of 0 + 3 + 13 + -7 + 5?
14
What is the value of (-6 - -5 - -10) + 5 + 3 + -6?
11
What is (54 + -26 - 24) + 1 + -13?
-8
What is the value of -1 + 1 - (-40 + 11 + 9 - -6)?
14
Evaluate (-14 - -33) + -4 + -8.
7
What is the value of 7 - 4 - 7 - (-3 + 2)?
-3
What is -9 - -4 - (4 + 0) - -5 - -3?
-1
What is the value of -8 - -4 - 5 - (23 - (-1 - -7))?
-26
What is 1 - 31 - (1280 - 1341)?
31
Calculate (-4 + (-15 - -9) - 6 - 6) + 7.
-15
Calculate (0 + -5 - -10) + -4 + 19 + -7.
13
(0 - 4) + 7 + (-7 - (-10 - -10))
-4
Calculate -10 + 4 + ((1 - -9) + -20 - -16).
0
4 - 2 - (15 - (39 - 29))
-3
What is the value of -17 - (10 - -2 - 14)?
-15
What is the value of -1 + 5 + -9 + (-13 - -8)?
-10
What is the value of 12 - ((41 - 20) + -15) - (-2 - 8)?
16
What is the value of 3 - (-8 + 3) - (-10 + 20)?
-2
What is (4 - -10 - 26) + 3?
-9
Evaluate (0 - 3 - 29) + 561 + -552.
-23
What is the value of -8 + (-8 - (-5 - -8) - -12)?
-7
Evaluate 2 + -8 + -20 + 15.
-11
What is 0 + -1 - ((0 - -5) + (78 - 72))?
-12
2 + -26 + (17 - -11) + -17
-13
Evaluate -12 - 0 - (8 - ((-15 - -36) + -12)).
-11
Evaluate -4 - (12 - 13 - (-17 - -11)).
-9
Evaluate (-1 - (-1 + 3)) + -2 + 4.
-1
What is -11 + (-7 + -14 - -18)?
-14
What is the value of -10 + 0 - -19 - 3 - (-6 - 1)?
13
What is the value of -3 - -2 - 21 - (-15 + (8 - -1))?
-16
Calculate (-1 - 2) + (3 - (-8 - 0 - -4)).
4
-2 + (3 - 4) + 5 - (-29 - -25)
6
What is the value of (-8 - (-7 + (6 - 13))) + (-4 - -14)?
16
What is the value of -14 - (15 - 20 - 15 - -14)?
-8
What is the value of -61 + 75 + -47 + 8?
-25
Evaluate -6 - -11 - 13 - -1.
-7
What is -2 + -5 + (-3 - -2) + -3?
-11
-311 + 293 - (1 - 14)
-5
What is the value of 10 + 7 + -9 + -6 + -2?
0
-6 - (-18 + (-7 - -9) + 7)
3
What is (-6 - 11) + 16 - (1 - -8)?
-10
(24 - 17) + (1 - -1) + 0 + -21
-12
-1 + 2 + -8 + -8 + 15
0
What is (11 - (5 + -8)) + (-6 - 13)?
-5
What is the value of -15 + -3 + 4 - (13 + -19 - -4)?
-12
What is the value of -4 - -22 - (7 + -1)?
12
Calculate (-1 - 13) + (84 - 52).
18
What is 13 + (4 - 7) + 2?
12
Evaluate -3 + 36 + 1 + -16 + 4.
22
-3 + -2 + (-19 - (1 + 11)) + 20
-16
-3 + (1 + -52 - -17 - -8)
-29
Calculate -41 + 13 - (-57 - -50).
-21
6 + -1 + (-6 + -14 - 0) + 5
-10
Evaluate -10 - (2 + -4 + 5 + 4).
-17
What is (19 - 14) + 1 - 18?
-12
Calculate 11 - (-11 - -18 - (0 - -2)).
6
What is -1 - 35 - (2974 - 2975)?
-35
-9 - (4 + (27 - 49))
9
(-42 - (-17 - 16)) + (-3 - 14)
-26
Evaluate (8 - 3) + 17 - 6 - -11.
27
What is 5 + 4 + -23 + -11 + 10?
-15
Calculate 7 + 2 + (8 - 2) + -9.
6
What is the value of 9 + 5 + 4 + -9 + -6?
3
What is the value of 2 - (5 - ((-10 - (-9 + -7)) + 8))?
11
What is 10 + -30 + 6 + 34?
20
What is the value of -1 + 0 + 18 + -19 + (-24 - -12)?
-14
Evaluate 7 + 4 + (2 - 5).
8
Calculate (-13 - -1) + (-52 - -57) + 7 + -2.
-2
What is the value of 2 - (11 - (20 - -14) - (0 - 2))?
23
What is the value of -9 + (1 - (3 + -12))?
1
Evaluate (22 - 2) + (29 - 45).
4
Evaluate -7 + 17 - 33 - (12 + -9 + -11).
-15
What is the value of (6 - 3) + 30 + -17 + -1?
15
Evaluate -21 + 12 - -1 - 3.
-11
12 - (-27 + 35 + 1)
3
Calculate 2 + 23 + -44 - -9.
-10
What is the value of -12 - -7 - 14 - -17?
-2
Evaluate 3 + -5 + (10 - 13 - -8).
3
11 - (-1 + 31 + (36 - 34))
-21
Calculate (6 - (-9 - (21 + (3 - 8)))) + 2.
33
14 - 27 - ((8 - 2) + -3)
-16
What is the value of (2 - 1) + -4 + (20 - 34 - -24)?
7
Evaluate 4 - (41 + 3 + -24).
-16
Evaluate 5 - (10 - (7 + (6 - 15))).
-7
What is -42 + (78 - (17 + 29))?
-10
-1476 + 1470 + 0 + -15 + 0
-21
122 + -109 - ((0 - 2) + 8)
7
What is the value of 3 - 2 - (6 + 14)?
-19
29 + (3 - 13) - 9 - 2
8
Evaluate -2 + -14 + -41 + 69 + (0 - -4).
16
What is the value of -28 + (-46 - -57) + (0 - 8)?
-25
What is the value of 19 + -1 - (378 + -377)?
17
What is the value of 14 - ((5 - (-1 - 3)) + (-14 - -10))?
9
What is the value of 11 + -15 - (19 - 32)?
9
Evaluate -2 + 1 + (-46 - -50).
3
9 + (-28 + (3 - -7) - -4) - 24
-29
What is -12 - (20 - 6) - -27?
1
What is the value of 29 + -36 - (-6 + -5)?
4
-10 - ((-4 - -4 - 1) + (25 - 26))
-8
What is the value of (2 - -8) + 47 + -68?
-11
What is (-106 - (-41 - 50)) + 7 + -1 + -1?
-10
Evaluate (0 - 0 - 3) + 6 + (2 - 15).
-10
Evaluate -86 + 95 + 1 + 1 + 6.
17
Calculate -12 + 20 + (-2 - 9) + 3.
0
Evaluate 0 + -29 + 14 - -16 - 21.
-20
What is the value of -21 + 76 + -41 + (0 - 2 - 9)?
3
Calculate (-33 + 32 - 33) + 38.
4
Evaluate -96 - (-74 - -34) - -33.
-23
What is -10 - (8 - (12 - 8) - 5 - 5)?
-4
Calculate 5 - (11 + -1) - 3 - -23.
15
What is -2 - 1 - (-10 + 9 + 8 + 2)?
-12
What is the value of 9 - ((8 - -8) + 19)?
-26
-8 + (92 - 73 - (-3 - (1 - 5)))
10
Calculate -3 + -30 + 24 + 7.
-2
What is -15 + (2 - (0 + 9 - 12))?
-10
Evaluate 10 + (9 - 1 - 29).
-11
Calculate -11 - (-3 + -16) - (10 - 0).
-2
(12 - 2 - (8 + (-12 - -2))) + 0
12
Calculate (31 - 32) + 0 + 5 + -40 + 51.
15
-27 - (2 - 1 - 27)
-1
What is the value of (-47 - -15) + 17 + 6?
-9
Calculate -15 - (-17 + (-23 - -12)).
13
12 + (-12 - -13) - 10
3
9 + 1 + -20 - (0 + -26)
16
Calculate 3 + (6 - 23) + 1 + 7 + -3.
-9
Evaluate 57 + -28 + -12 + -22.
-5
22 + (-11 - (4 - 4))
11
Calculate -6 - ((-6 - -14) + (-2 - (-8 - -5))).
-15
Calculate -7 + -11 + 34 + -9.
7
Calculate 97 + -29 + -3 - 35.
30
Evaluate 24 + (-23 - -14 - -6) + -6.
15
What is (-12 + 10 - -7 - 0) + 12?
17
Evaluate (1 - (-4 + -1)) + -15 + 20 + -9.
2
Evaluate -4 - (-22 + (24 - 14)).
8
Evaluate (1 + 6 - 36) + 4.
-25
Evaluate 6 - (5 + -7) - (5 - (4 - 4)).
3
What is 3 - (-9 - -12 - 5) - 24?
-19
Calculate 7 + -5 + (9 - (1 + -8 + 34)).
-16
4 + 6 + 2 + -7
5
Evaluate (-22 - -12) + -4 + -6 - -6.
-14
What is -6 + -14 - ((-5 - -15 - 7) + 5)?
-28
What is (1 - 3) + (-13 - -23) - (25 - 10)?
-7
What is -2 - 6 - -9 - 12?
-11
Evaluate -3 - (-4 - (10 - 11)) - 10.
-10
(-45 - -42) + (34 - 0)
31
Calculate -4 - (14 + (1 - (-10 + (8 - -